common factor of 266 and 114?
38
Calculate the highest common factor of 24 and 92.
4
What is the highest common divisor of 8 and 772?
4
What is the highest common factor of 50 and 10?
10
Calculate the greatest common divisor of 36 and 1764.
36
Calculate the greatest common divisor of 1505 and 8815.
215
Calculate the greatest common divisor of 90 and 1845.
45
What is the greatest common factor of 255 and 595?
85
Calculate the highest common divisor of 90 and 35.
5
What is the highest common factor of 4773 and 6?
3
Calculate the highest common divisor of 4 and 1168.
4
What is the greatest common divisor of 108 and 4296?
12
Calculate the greatest common factor of 6965 and 597.
199
Calculate the greatest common divisor of 2646 and 72.
18
What is the greatest common factor of 468 and 1612?
52
Calculate the greatest common divisor of 23377 and 97.
97
What is the highest common divisor of 585 and 26?
13
Calculate the highest common factor of 312 and 546.
78
What is the greatest common divisor of 52 and 260?
52
Calculate the greatest common divisor of 73 and 1.
1
Calculate the greatest common factor of 11017 and 46.
23
What is the highest common divisor of 28 and 1554?
14
Calculate the greatest common factor of 12 and 300.
12
What is the highest common factor of 3490 and 30?
10
What is the greatest common factor of 12 and 222?
6
What is the greatest common factor of 432 and 27?
27
Calculate the greatest common divisor of 12 and 138.
6
What is the highest common factor of 62 and 5084?
62
Calculate the greatest common factor of 319 and 58.
29
What is the greatest common factor of 86 and 1075?
43
Calculate the highest common factor of 126 and 2198.
14
Calculate the highest common divisor of 4128 and 3.
3
What is the highest common divisor of 186 and 1023?
93
What is the highest common divisor of 2 and 103?
1
What is the greatest common factor of 545 and 109?
109
What is the highest common divisor of 88 and 2519?
11
Calculate the highest common factor of 63 and 81.
9
Calculate the highest common factor of 4012 and 136.
68
What is the greatest common divisor of 710 and 10?
10
Calculate the highest common factor of 30 and 1080.
30
What is the highest common factor of 91 and 728?
91
Calculate the highest common factor of 154 and 88.
22
Calculate the highest common divisor of 22 and 6336.
22
What is the greatest common factor of 1197 and 5320?
133
Calculate the highest common factor of 78 and 48.
6
What is the greatest common divisor of 17 and 3417?
17
Calculate the greatest common divisor of 9 and 333.
9
Calculate the greatest common divisor of 114216 and 24.
24
What is the highest common divisor of 5 and 9?
1
What is the greatest common divisor of 45 and 1285?
5
Calculate the highest common factor of 609 and 4611.
87
Calculate the highest common factor of 47139 and 57.
57
Calculate the highest common factor of 2226 and 63.
21
What is the greatest common factor of 1365 and 2184?
273
What is the greatest common divisor of 623 and 7?
7
What is the highest common divisor of 259 and 16576?
259
What is the greatest common factor of 798 and 7866?
114
What is the highest common divisor of 5 and 295?
5
Calculate the greatest common factor of 48 and 888.
24
Calculate the highest common divisor of 2807 and 7.
7
What is the highest common divisor of 3040 and 2945?
95
Calculate the greatest common divisor of 74 and 296.
74
Calculate the greatest common factor of 7635 and 15.
15
Calculate the greatest common divisor of 748 and 143.
11
What is the highest common factor of 104 and 12?
4
Calculate the highest common factor of 1943 and 406.
29
Calculate the greatest common divisor of 242 and 22.
22
What is the greatest common factor of 456 and 2052?
228
What is the greatest common divisor of 8 and 32?
8
What is the highest common divisor of 314 and 157?
157
What is the greatest common factor of 23 and 3?
1
What is the greatest common divisor of 530 and 30?
10
Calculate the greatest common factor of 411 and 6.
3
What is the greatest common factor of 5 and 5?
5
Calculate the highest common factor of 46 and 299.
23
Calculate the highest common divisor of 800 and 34080.
160
Calculate the highest common factor of 1614 and 18.
6
What is the greatest common divisor of 803 and 55?
11
Calculate the highest common factor of 60 and 7160.
20
What is the greatest common factor of 25 and 1975?
25
Calculate the greatest common factor of 17134 and 39.
13
Calculate the greatest common factor of 4 and 19.
1
What is the highest common factor of 72 and 9?
9
Calculate the highest common divisor of 2057 and 17.
17
What is the greatest common divisor of 3840 and 432?
48
Calculate the greatest common factor of 4633 and 41.
41
Calculate the greatest common divisor of 590 and 472.
118
Calculate the highest common divisor of 184 and 5060.
92
Calculate the greatest common divisor of 28 and 2512.
4
What is the highest common factor of 28 and 1638?
14
What is the highest common divisor of 1036 and 28?
28
What is the greatest common divisor of 16 and 20?
4
Calculate the greatest common factor of 10370 and 183.
61
What is the highest common factor of 95 and 6536?
19
What is the highest common factor of 84 and 5012?
28
Calculate the highest common factor of 227 and 18387.
227
Calculate the greatest common factor of 114 and 24.
6
What is the greatest common divisor of 1744 and 1853?
109
What is the greatest common factor of 36 and 18?
18
What is the greatest common factor of 180 and 100?
20
Calculate the highest common divisor of 5895 and 315.
45
What is the highest common divisor of 7 and 21?
7
What is the highest common factor of 90 and 40?
10
Calculate the highest common divisor of 12 and 444.
12
What is the greatest common factor of 16 and 536?
8
What is the highest common factor of 1638 and 5187?
273
What is the highest common divisor of 402 and 670?
134
Calculate the highest common factor of 1393 and 7.
7
Calculate the highest common factor of 70 and 28.
14
What is the highest common divisor of 665 and 21?
7
What is the highest common factor of 28 and 52?
4
Calculate the highest common divisor of 416 and 884.
52
What is the highest common divisor of 393 and 39?
3
Calculate the highest common divisor of 19491 and 657.
219
Calculate the greatest common divisor of 38023 and 47.
47
What is the greatest common factor of 532 and 84?
28
Calculate the greatest common factor of 570 and 798.
114
Calculate the greatest common divisor of 20 and 35.
5
What is the greatest common factor of 14 and 371?
7
Calculate the highest common factor of 48 and 9.
3
Calculate the highest common factor of 49 and 833.
49
What is the highest common factor of 34 and 17?
17
Calculate the greatest common factor of 2508 and 24.
12
Calculate the greatest common divisor of 3710 and 315.
35
Calculate the greatest common divisor of 4 and 34.
2
Calculate the greatest common divisor of 285 and 20.
5
What is the highest common divisor of 42176 and 64?
64
What is the highest common divisor of 49 and 427?
7
What is the greatest common divisor of 765 and 13515?
255
Calculate the greatest common factor of 120 and 24.
24
What is the highest common divisor of 64 and 64?
64
Calculate the highest common divisor of 795 and 15.
15
Calculate the highest common factor of 55 and 77.
11
What is the highest common factor of 194 and 1746?
194
What is the highest common divisor of 61 and 3721?
61
Calculate the greatest common factor of 124 and 217.
31
Calculate the greatest common divisor of 120 and 15000.
120
Calculate the highest common factor of 546 and 78.
78
What is the highest common factor of 40 and 300?
20
Calculate the greatest common divisor of 245 and 98.
49
Calculate the greatest common factor of 432 and 540.
108
Calculate the greatest common divisor of 154 and 973.
7
What is the highest common factor of 387 and 2061?
9
What is the greatest common factor of 6 and 2658?
6
What is the greatest common divisor of 378 and 3206?
14
What is the greatest common factor of 638 and 116?
58
Calculate the greatest common factor of 320 and 360.
40
Calculate the highest common divisor of 9 and 256.
1
Calculate the highest common factor of 391 and 92.
23
Calculate the greatest common divisor of 23 and 161345.
23
What is the greatest common factor of 68 and 2